is the value of -7 + (3 - (6 - 10))?
0
What is 9 + (-4 - -1) + -3 + -2?
1
12 + (-5 - (-4 + 16))
-5
Calculate (4 - (0 - -1)) + (5 - 3).
5
Evaluate -15 + (5 - 10 - -14).
-6
2 + -1 + 1 + (-4 - -5)
3
Evaluate -2 + (4 - (2 - -4)).
-4
What is the value of -7 - (-8 + -2 - 0)?
3
What is 0 - (6 + -3) - 0?
-3
What is the value of 5 + 1 + (-3 - 1) + 0?
2
Calculate 0 - -1 - (9 + -8) - -4.
4
(3 - 1) + (8 - 8 - -1)
3
Calculate -1 + -3 + 7 - (-2 + 1).
4
What is -2 - (1 + (4 - 4))?
-3
What is the value of 0 - 3 - 1 - -1 - -4?
1
What is the value of (-8 - -5) + 3 + -9 + 2?
-7
What is the value of 9 + 0 + -6 + 2?
5
(3 + -3 - 0) + -18 + 20
2
What is the value of -1 - ((7 - 3 - 3) + -2)?
0
What is the value of (-16 + 8 - -23) + -14?
1
Evaluate (4 - 20) + 12 + (-1 - 2).
-7
Evaluate -3 + (3 - (2 + 2 - 1)).
-3
(-8 + 0 - -13) + 0 - 3
2
What is the value of -6 - (-6 - -3) - -2?
-1
(5 - -2) + (2 - 4)
5
Evaluate -2 + 2 - (-5 - -1).
4
Calculate 7 + -11 + (11 - -1).
8
What is the value of 2 - 3 - (16 + -23)?
6
-7 + (1 - 5) + 7
-4
10 + -4 + (5 - 4 - 2)
5
Evaluate -2 + -3 - (-1 - (1 - 2)).
-5
Calculate -10 + 1 + 0 + 4.
-5
(0 - 2) + 9 + 0
7
Calculate -25 + 16 + -8 + 11.
-6
What is 6 - -6 - (1 + 5)?
6
Evaluate (0 - -3 - -2) + -6 + 4.
3
Evaluate 2 - (-4 + (4 - -1) + 4).
-3
What is -6 - (-15 + 3) - (1 - -7)?
-2
What is the value of 2 - (-8 + (8 - 1))?
3
What is the value of -4 + (9 - 7) + 2 + -5?
-5
What is the value of -1 - 4 - (28 - 32) - 2?
-3
What is -7 + (7 - (-6 - (-2 + -6)))?
-2
Calculate 3 + -4 + -7 + 2.
-6
Evaluate 2 - (2 + -1 + 4).
-3
Calculate 11 - (-8 + (20 - 3)).
2
Calculate (1 - (0 + 7)) + (4 - 1).
-3
-4 + 4 + 0 + -1 + 2
1
5 + (-8 + 3 + -1 - -3)
2
What is 0 + (1 - 0) + -6 - -2?
-3
What is -3 - (-10 - -6) - 12?
-11
Calculate (-1 - 1 - (44 - 47)) + -4.
-3
Evaluate 5 - ((-9 - -4) + 13).
-3
11 + (3 - 5) + -11
-2
12 - 8 - (-9 - -12)
1
What is 45 + -41 + 1 + 1 - 8?
-2
Calculate -7 + (0 - 3 - -6).
-4
What is -7 + -7 + (13 - -5)?
4
-6 - -3 - 4 - 0 - -2
-5
Calculate (10 - 5 - 3) + (6 - 6).
2
What is the value of 6 + -4 + -3 - -4?
3
Evaluate 9 + -3 - (-2 + -1 + 6).
3
2 + (2 - 6) - -7
5
(-66 - -61) + (0 - 2)
-7
(-1 - 1) + (7 + 3 - 5)
3
Calculate (12 + -1 - 5) + -2.
4
2 + -4 + (-4 + 15 - 2)
7
Evaluate (0 - -2) + 1 + -1 + 3.
5
What is the value of 7 + 13 + -8 + -21?
-9
What is -3 - ((0 - -3) + -6 + -4)?
4
What is the value of 1 - (-2 - 1 - -4)?
0
(-1 + 2 - (5 - 7)) + -7
-4
Evaluate 3 - -3 - ((3 - 0) + -1).
4
What is the value of -3 + -3 + (5 + -7 - -5)?
-3
Evaluate 7 + 1 + -35 + (1 - -16).
-10
-7 + -5 + 25 + -8
5
What is -21 + 33 + 4 + (-6 - 1)?
9
What is -2 + 4 + -2 + -2?
-2
Evaluate 10 + 6 + (-9 - -2).
9
Evaluate -4 - ((-13 - -1) + (47 - 43)).
4
Calculate 8 + -2 - 1 - (36 - 32).
1
What is the value of (-6 - -1) + -2 - -5 - 7?
-9
What is the value of 1 + (-4 - -2) + 2?
1
What is the value of 0 + (-6 - -4) - (-3 - -5)?
-4
What is the value of 23 - 19 - (6 - (0 - 0))?
-2
What is 3 - (-1 - (-3 - -2))?
3
What is the value of 0 - 3 - -7 - 7?
-3
0 - 4 - (15 - 15)
-4
What is the value of 4 + -9 - -4 - 11 - -3?
-9
Calculate 3 + 0 + (-19 - -13).
-3
Evaluate (0 - -2) + -4 - (-2 - -1).
-1
5 - ((7 - 12) + 8)
2
Evaluate -7 - -2 - (6 + (-10 - -3)).
-4
What is the value of 7 + (-6 - -1) - (1 - 3)?
4
(-3 - 0 - -9) + -4 + -8
-6
What is the value of (-3 - (6 - 6)) + 6?
3
What is -1 - (1 - 7) - 1?
4
What is (-7 + 4 - 0) + 4?
1
5 - 3 - (-23 - -31)
-6
What is the value of -8 + 13 - (5 + -2)?
2
What is the value of 10 + -2 + -8 + (-9 - -11)?
2
Calculate 0 + 1 + (1 - (6 + -9)).
5
Evaluate -3 - (21 + -12 - 16).
4
-1 + 3 + -93 + 92
1
What is the value of (20 - (1 + 17)) + 4 + 2?
8
What is the value of 8 - 6 - (-3 - (2 + -8))?
-1
What is the value of 3 + -2 + -2 + -4 + 0?
-5
Evaluate (-4 + 13 - 5) + -2 + 1.
3
Evaluate -7 - (11 - 9) - -2.
-7
Evaluate -1 + (1 - 3) + -113 + 109.
-7
What is 1 + 1 + (17 - 12) + -7?
0
What is the value of -3 - (5 + -2 - (1 - -5))?
0
What is -14 - (7 + -18) - 5?
-8
-98 + 109 + (-18 - -2)
-5
Calculate 4 + (-6 + (2 - -1) - -2).
3
What is 1 + 2 + (19 - 18)?
4
What is the value of 1 + (-3 - 4) + 3?
-3
Calculate 4 + (-3 - -3) - 8.
-4
Evaluate 0 - (-9 - -3 - -2).
4
What is 17 + -6 + 2 + 2 + -6?
9
Evaluate 2 - (9 + 2 + (-1 - 4)).
-4
What is 3 + (4 - 6) + -1 + -2?
-2
What is the value of -3 + 0 + 3 - (6 + -1)?
-5
What is -4 - (-1 - (-2 - 1))?
-6
What is -11 + 8 - (-1 + 3)?
-5
What is (7 + -6 - -2 - 7) + -3?
-7
Calculate 1 + 2 + -4 + 6.
5
What is (5 + (3 - 5) - 7) + 1?
-3
-2 + 4 - (1 + 0) - -1
2
What is (-5 - (-3 + 2)) + -114 + 122?
4
Calculate -18 + 6 + 9 + 5.
2
What is the value of (-5 - -7) + (1 - 1) + 1?
3
Evaluate -2 - (-2 + 9 + -5).
-4
Evaluate 1 - (-6 + (-1 - (-4 + 1))).
5
Calculate -2 + 1 + 1 + 7 - 2.
5
(-10 - -3 - 1) + 5
-3
Calculate -11 + (7 - (-3 - (-5 - 0))).
-6
What is 16 + -13 + (3 - 7) + 0?
-1
(3 - 0) + (6 - 10)
-1
Evaluate (-6 - -1 - 0) + 9.
4
What is 2 + -2 + (-1 - 7)?
-8
Evaluate 2 + 2 + (16 - 23).
-3
Evaluate 4 - (5 - 4 - -4).
-1
What is the value of 3 + 0 + -14 + 15?
4
Calculate -18 - -8 - -6 - (3 - -2).
-9
Evaluate -3 - (0 - 16 - (2 + -9)).
6
What is 1 + (0 - -1) + -8?
-6
What is 0 - (2 + (-9 - -2))?
5
Evaluate 2 + 7 - (-12 - -12).
9
(0 - -2) + 6 + -9
-1
What is the value of -4 + 3 + -1 + -2 + 6?
2
What is the value of -2 + (1 - (-1 - 0)) + -1?
-1
Calculate 0 + (-19 + 19 - (5 - 0)).
-5
Evaluate (-2 - (1 - -1)) + 6.
2
-7 - (10 + -37 + 11)
9
Calculate 0 + 8 + (-1 - 6).
1
-1 + -13 + (60 - 51)
-5
What is the value of (-1 - 13) + 1 + (-3 - -6)?
-10
What is 0 + (-3 + 3 - 3 - 0)?
-3
What is the value of 0 + -4 + 2 - 3?
-5
What is -19 - (6 - 30) - (1 - -4)?
0
What is the value of 9 + (-3 - (-3 + 5)) + -5?
-1
What is the value of -4 - (-12 + 3 - -9)?
-4
Calculate (-2 - 1) + (-1 - 1).
-5
What is the value of 3 - (-5 + 2 - -4)?
2
What is the value of (9 - 6) + 7 + (-5 - -3)?
8
Calculate -9 - (-7 + (-4 - -7)).
-5
Calculate -15 + 19 + (-7 - 0).
-3
Evaluate -4 + -6 + 14 - 6.
-2
What is the value of -2 - (3 + -8 + 1)?
2
Evaluate -9 + 0 - (9 + (-5 - 8)).
-5
What is the value of (7 - (12 + -3)) + -1?
-3
Calculate (-11 - -8) + -3 + 11.
5
What is -3 - -1 - ((-2 - -3) + -3)?
0
Evaluate 3 + -5 + 5 + -1.
2
Calculate 1 + 0 + -2 + 11 + -12.
-2
What is the value of (-142 - -136) + 12 + -1?
5
(35 - 31) + (0 - 14)
-10
Evaluate (30 - 32) + (-1 + 0 - -4).
1
Evaluate 5 - ((-5 - -12) + (2 - 5)).
1
What is (11 - 1) + -6 - 1?
3
2 + -1 - (5 + -6 + -3)
5
Calculate -3 + 6 + (6 - 3) + -8.
-2
Evaluate (-2 - (-1 - 6)) + -3 + 3.
5
What is the value of (0 + -5 - (-1 - 2)) + -3?
-5
Evaluate 11 - ((5 - -5) + 1).
0
What is -3 - (-4 - (-9 + 7))?
-1
10 + -6 + (-2 - 1)
1
Calculate (-13 - -5) + 3 + 4.
-1
What is the value of -3 + 4 + (1 - (6 + 1))?
-5
Evaluate -8 + (-2 - -17) + -7 + 0.
0
What is the value of 1 + 4 + -5 + 0 + 1?
1
-1 + -1 + 5 + -2 - 0
1
What is the value of -1 - 3 - (-5 + 3 + 0)?
-2
-3 - (-2 - (4 + -2))
1
Calculate (3 - 2) + -5 - -3.
-1
What is the value of 58 + -51 - (1 + 7)?
-1
What is the value of (2 - (-1 + 8)) + -5?
-10
Calculate -10 - -2 - (-14 + 4).
2
What is -11 + 0 + 9 + -1?
-3
Calculate (7 - (-8 - -5)) + -4.
6
What is -42 + 37 + (2 + 0 - 1)?
-4
What is the value of -28 + 37 - (1 - -5)?
3
What is the value of (4 - 9) + -6 + (9 - 6)?
-8
Evaluate -2 - (2 + (-1 - -2)).
-5
-21 - -15 - (-6 + 2 + 1)
-3
What is 3 + -5 - (1 - 7)?
4
Calculate -2 + 1 + -4 - -6.
1
Evaluate 1 + (7 + 0 - (13 + -8)).
3
Calculate -8 - (-8 + 9) - -3.
-6
5 - (3 + -4 + 2)
4
What is 7 + -5 - -1 - 0?
3
Calculate (-2 - -5) + (-3 - -4).
4
Evaluate -8 - -12 - 5 - -5.
4
What is (-1 - (2 + 1)) + 8?
4
What is -6 - ((0 + -3 - 1) + 1)?
-3
Calculate 9 + 7 + -16 - (-1 - 3).
4
Evaluate -3 - 4 - (-2 + -1) - 1.
-5
Calculate -34 + 32 - (-1 + 0 + 1).
-2
Calculate -142 - -144 - (0 + -1).
3
1 + (-9 - -9) + -3 + 7
5
2 + -6 - (2 + -6 + 1)
-1
Calculate -2 - -1 - (4 + -4).
-1
What is the value of 10 + -8 + -1 + -5 + 1?
-3
What is 5 + (-10 + 5 - -2)?
2
1 - -5 - (18 + -6 - 7)
1
What is (10 - (-1 + 1)) + (-402 - -398)?
6
What is the value of -2 + (0 - 5) + 1 - 0?
-6
Evaluate -1 + (-9 + 8 - -5).
3
What is the value of (-3 - (0 + -1)) + -141 + 142?
-1
Evaluate 4 + (-11 - -12) + -5 + 2.
2
Evaluate -3 + 3 + (-6 + 6 - -7).
7
Evaluate 11 + (-1 - 9) + 2.
3
What is the value of -2 - -8 - (-7 + 10 - -1)?
2
What is -5 - (0 - (-7 + (-5 - -7)))?
-10
Ca